3?
53, 641
List the prime factors of 4009.
19, 211
List the prime factors of 989.
23, 43
List the prime factors of 924.
2, 3, 7, 11
List the prime factors of 42068.
2, 13, 809
List the prime factors of 135029.
135029
What are the prime factors of 1197?
3, 7, 19
What are the prime factors of 6498?
2, 3, 19
What are the prime factors of 196247?
196247
What are the prime factors of 3320?
2, 5, 83
What are the prime factors of 266?
2, 7, 19
List the prime factors of 7291.
23, 317
What are the prime factors of 881?
881
What are the prime factors of 716?
2, 179
List the prime factors of 732.
2, 3, 61
What are the prime factors of 1177?
11, 107
What are the prime factors of 2084?
2, 521
List the prime factors of 98786.
2, 49393
What are the prime factors of 1384?
2, 173
What are the prime factors of 612?
2, 3, 17
What are the prime factors of 5761?
7, 823
List the prime factors of 440.
2, 5, 11
List the prime factors of 24951.
3, 8317
List the prime factors of 515.
5, 103
What are the prime factors of 21740?
2, 5, 1087
List the prime factors of 2767.
2767
What are the prime factors of 49738?
2, 13, 1913
List the prime factors of 66929.
17, 31, 127
List the prime factors of 551.
19, 29
What are the prime factors of 995?
5, 199
What are the prime factors of 6621?
3, 2207
List the prime factors of 1586.
2, 13, 61
List the prime factors of 1701.
3, 7
What are the prime factors of 13163?
13163
What are the prime factors of 51618?
2, 3, 7, 1229
List the prime factors of 82533.
3, 11, 41, 61
What are the prime factors of 442?
2, 13, 17
List the prime factors of 103371.
3, 34457
What are the prime factors of 62710?
2, 5, 6271
List the prime factors of 605.
5, 11
What are the prime factors of 17636?
2, 4409
What are the prime factors of 45235?
5, 83, 109
What are the prime factors of 13911?
3, 4637
What are the prime factors of 1056?
2, 3, 11
What are the prime factors of 23129?
101, 229
List the prime factors of 97159.
97159
List the prime factors of 793.
13, 61
List the prime factors of 8820.
2, 3, 5, 7
What are the prime factors of 520?
2, 5, 13
What are the prime factors of 6821?
19, 359
List the prime factors of 3533.
3533
What are the prime factors of 34751?
19, 31, 59
List the prime factors of 4102.
2, 7, 293
List the prime factors of 1749.
3, 11, 53
List the prime factors of 31.
31
What are the prime factors of 11188?
2, 2797
What are the prime factors of 117302?
2, 89, 659
List the prime factors of 85.
5, 17
List the prime factors of 3664.
2, 229
List the prime factors of 2104.
2, 263
What are the prime factors of 41890?
2, 5, 59, 71
List the prime factors of 431.
431
List the prime factors of 1015.
5, 7, 29
List the prime factors of 54830.
2, 5, 5483
What are the prime factors of 295?
5, 59
What are the prime factors of 5727?
3, 23, 83
List the prime factors of 1266.
2, 3, 211
What are the prime factors of 36601?
17, 2153
What are the prime factors of 1479?
3, 17, 29
What are the prime factors of 14705?
5, 17, 173
What are the prime factors of 400?
2, 5
What are the prime factors of 1409?
1409
What are the prime factors of 31082?
2, 15541
List the prime factors of 557.
557
List the prime factors of 9154.
2, 23, 199
What are the prime factors of 16288?
2, 509
List the prime factors of 17.
17
List the prime factors of 9005.
5, 1801
What are the prime factors of 591?
3, 197
List the prime factors of 59338.
2, 29669
List the prime factors of 6887.
71, 97
List the prime factors of 927.
3, 103
List the prime factors of 79907.
79907
List the prime factors of 632.
2, 79
What are the prime factors of 1027?
13, 79
What are the prime factors of 327?
3, 109
List the prime factors of 100137.
3, 29, 1151
List the prime factors of 944.
2, 59
List the prime factors of 5833.
19, 307
List the prime factors of 1064.
2, 7, 19
What are the prime factors of 1226?
2, 613
What are the prime factors of 30675?
3, 5, 409
What are the prime factors of 30995?
5, 6199
What are the prime factors of 14028?
2, 3, 7, 167
What are the prime factors of 38369?
17, 37, 61
What are the prime factors of 79979?
79979
List the prime factors of 27612.
2, 3, 13, 59
What are the prime factors of 4923?
3, 547
What are the prime factors of 437?
19, 23
What are the prime factors of 30378?
2, 3, 61, 83
List the prime factors of 93448.
2, 11681
What are the prime factors of 62726?
2, 79, 397
List the prime factors of 2024.
2, 11, 23
What are the prime factors of 960?
2, 3, 5
What are the prime factors of 1032?
2, 3, 43
List the prime factors of 814.
2, 11, 37
List the prime factors of 1101.
3, 367
List the prime factors of 1973.
1973
List the prime factors of 1649.
17, 97
What are the prime factors of 231?
3, 7, 11
What are the prime factors of 132?
2, 3, 11
What are the prime factors of 727?
727
List the prime factors of 2021.
43, 47
List the prime factors of 4090.
2, 5, 409
What are the prime factors of 10703?
7, 11, 139
What are the prime factors of 419?
419
List the prime factors of 10458.
2, 3, 7, 83
What are the prime factors of 36096?
2, 3, 47
What are the prime factors of 898?
2, 449
What are the prime factors of 6579?
3, 17, 43
What are the prime factors of 87853?
87853
List the prime factors of 13971.
3, 4657
What are the prime factors of 19260?
2, 3, 5, 107
What are the prime factors of 49520?
2, 5, 619
List the prime factors of 9750.
2, 3, 5, 13
List the prime factors of 3830.
2, 5, 383
List the prime factors of 1144.
2, 11, 13
What are the prime factors of 17976?
2, 3, 7, 107
What are the prime factors of 83223?
3, 7, 1321
What are the prime factors of 3436?
2, 859
What are the prime factors of 819?
3, 7, 13
What are the prime factors of 5101?
5101
List the prime factors of 2272.
2, 71
What are the prime factors of 9059?
9059
List the prime factors of 38361.
3, 19, 673
List the prime factors of 5445.
3, 5, 11
List the prime factors of 5432.
2, 7, 97
What are the prime factors of 4234?
2, 29, 73
What are the prime factors of 2360?
2, 5, 59
What are the prime factors of 426?
2, 3, 71
List the prime factors of 60591.
3, 19, 1063
List the prime factors of 2347.
2347
What are the prime factors of 1691?
19, 89
List the prime factors of 8536.
2, 11, 97
What are the prime factors of 2130?
2, 3, 5, 71
List the prime factors of 5129.
23, 223
List the prime factors of 10441.
53, 197
List the prime factors of 504.
2, 3, 7
List the prime factors of 39916.
2, 17, 587
What are the prime factors of 495?
3, 5, 11
What are the prime factors of 104574?
2, 3, 29, 601
List the prime factors of 1013.
1013
What are the prime factors of 331?
331
What are the prime factors of 24713?
13, 1901
What are the prime factors of 66520?
2, 5, 1663
What are the prime factors of 63410?
2, 5, 17, 373
What are the prime factors of 60275?
5, 2411
List the prime factors of 3415.
5, 683
List the prime factors of 8461.
8461
What are the prime factors of 33220?
2, 5, 11, 151
List the prime factors of 99910.
2, 5, 97, 103
List the prime factors of 46720.
2, 5, 73
List the prime factors of 12065.
5, 19, 127
What are the prime factors of 6280?
2, 5, 157
List the prime factors of 10094.
2, 7, 103
What are the prime factors of 181?
181
List the prime factors of 1369.
37
List the prime factors of 15314.
2, 13, 19, 31
What are the prime factors of 343?
7
List the prime factors of 29731.
13, 2287
List the prime factors of 38449.
38449
What are the prime factors of 31499?
13, 2423
List the prime factors of 995.
5, 199
What are the prime factors of 1259?
1259
List the prime factors of 1593.
3, 59
List the prime factors of 94255.
5, 7, 2693
List the prime factors of 131044.
2, 181
List the prime factors of 1557.
3, 173
List the prime factors of 576.
2, 3
List the prime factors of 81.
3
What are the prime factors of 4300?
2, 5, 43
What are the prime factors of 154793?
19, 8147
List the prime factors of 944.
2, 59
List the prime factors of 1056.
2, 3, 11
List the prime factors of 543.
3, 181
List the prime factors of 1328.
2, 83
List the prime factors of 26351.
13, 2027
List the prime factors of 1007.
19, 53
What are the prime factors of 676?
2, 13
List the prime factors of 68367.
3, 13, 1753
What are the prime factors of 2001?
3, 23, 29
What are the prime factors of 41835?
3, 5, 2789
What are the prime factors of 4678?
2, 2339
List th